 -x + 4*w + 27 = -k*x, 30 = -5*x - 5*w. What are the prime factors of (-23)/(-2) + x/2?
2, 5
Let p(r) = r**2 - r + 14. List the prime factors of p(0).
2, 7
Let y(b) = b**2 + b + 1. Let d be y(-2). Suppose -2*t + 54 = t - d*c, -5*c = t - 12. What are the prime factors of t?
17
Suppose t - 6 - 16 = 0. What are the prime factors of t?
2, 11
List the prime factors of 3 + -1 + (234 - (-2)/2).
3, 79
Let j = -31 - -86. What are the prime factors of j?
5, 11
Let s(v) = -2*v - 6*v**3 + 5*v**3 - 12 + 2*v**3 + 12*v**2. What are the prime factors of s(-12)?
2, 3
Let x(d) = 3*d + 38. What are the prime factors of x(14)?
2, 5
List the prime factors of (-352)/(-10) - 7/35.
5, 7
Suppose p - 2*v = -p + 2, -3*v = -4*p + 9. Let r(c) = -c**3 + 7*c**2 - 2*c - 6. List the prime factors of r(p).
2, 3
Let c(a) = a**3 + 2*a**2. Let h be c(-1). Let t be (-4)/(0 + 2) + h. What are the prime factors of -5*-1*(2 + t)?
5
Suppose 6*g = 5*g + 95. What are the prime factors of g?
5, 19
Let j(l) = 5*l. Let s be j(1). Suppose -5 = 4*p - t, -8 = 5*p - t - 2*t. Let w = p + s. List the prime factors of w.
2
Suppose 0 = 2*d + 2*w - 164, 2*d + 2*d - 2*w = 352. List the prime factors of d.
2, 43
Let j = -3 - -1. List the prime factors of (-1)/j + (-45)/(-10).
5
Let u be (-12)/(-4) - (0 + 3). Suppose -c + u + 8 = 0. What are the prime factors of c?
2
Let r = -8 + 146. List the prime factors of r.
2, 3, 23
Let q(t) = -t**2 - 8*t + 4. Let j be q(-8). Suppose -35 = -4*c + 5*o, 4*o - 14 = -j*c - 6. List the prime factors of c.
5
Let p(l) = l**3 + 8*l**2 - 4*l + 5. What are the prime factors of p(-8)?
37
Let m be (2 - 2) + (-20)/(-2). Suppose -a - m + 33 = 0. Suppose 5*c - a = 7. List the prime factors of c.
2, 3
Let m be ((-2)/1)/(-2) + 26. Suppose 7 = -4*n + m, -4*y + 30 = -2*n. List the prime factors of y.
2, 5
Let s(t) = 0*t - t - t - 11. List the prime factors of s(-11).
11
Let t(z) = z - 1. Let p be t(3). Let g(q) = -2*q + 4. Let i be g(-3). Suppose i = -p*x + 4*x. What are the prime factors of x?
5
Let d = -138 + 225. List the prime factors of d.
3, 29
What are the prime factors of ((-2)/1)/(4/(-214))?
107
Suppose -4*w + 3*o = -2*w + 19, 1 = w + 2*o. Suppose -g + 28 = -5*g. Let f = w - g. What are the prime factors of f?
2
Suppose 5 + 11 = 4*q. Suppose q = r - 0. List the prime factors of r.
2
Let f = -176 - -340. List the prime factors of f.
2, 41
Suppose 2*d + 2*j + 6 = -j, 0 = 5*d + 4*j + 22. Let m be (-19 - -1)*4/d. List the prime factors of ((-6)/m)/((-2)/28).
7
Let h(v) = -v**3 + 9*v**2 + 3*v + 1. Let a be h(7). Suppose 5*j - a = -0. Suppose m + 2*m = j. What are the prime factors of m?
2
Let j = -24 + 33. List the prime factors of j.
3
Suppose 7*q - 55 - 190 = 0. List the prime factors of q.
5, 7
Let i = -83 + 143. What are the prime factors of i?
2, 3, 5
Suppose 0 = -4*z + 3 - 23. Let r = 9 + z. Suppose 0 = -r*h + t + 24, 0 = 2*h + h - 4*t - 31. List the prime factors of h.
5
Let a(o) be the third derivative of -o**6/30 + o**5/60 - o**2. Let m be (-3)/(-1 + -2)*-1. What are the prime factors of a(m)?
5
Let j = 14 - 9. Suppose o = -j*a + 2, a - 1 + 2 = 0. What are the prime factors of o?
7
Let d(i) = i**2 - 7*i + 5. What are the prime factors of d(10)?
5, 7
Let x be 7 + 2/(4/(-6)). Let h = x + 3. What are the prime factors of h?
7
Let h = 6 - 8. Let k = h + 4. List the prime factors of (-15 + k)/((-4)/4).
13
Let v be (-14)/21*(0 - 21). What are the prime factors of (-4)/v + 153/21?
7
Let i(x) = 66*x**2 + x. Let j be i(1). Suppose -5*y + 52 = -2*w + w, 4*w = -5*y + j. List the prime factors of y.
11
Let a(i) = 4*i**2 + i + 1. Let s be -3 - (-1 + (0 - 1)). Let q be a(s). Suppose 12 = -q*y, l = 3*l + y - 7. List the prime factors of l.
5
Let p(l) = -2*l - 4. Let h be p(-4). Let s = -118 - -177. Suppose -h*q + 5*y + 5 = -2*q, 5*q = -3*y + s. List the prime factors of q.
2, 5
Suppose 2*y - v - 43 = 0, 2*y + 5*v = 52 + 21. List the prime factors of y.
2, 3
Let o(c) = -20*c - 38. List the prime factors of o(-10).
2, 3
Let d(v) = -v**3 + 3*v**2 + 5*v - 4. Suppose j + 0 = g - 3, g - 2*j = 3. List the prime factors of d(g).
11
Let d = 841 - 487. What are the prime factors of d?
2, 3, 59
Let f(n) = 6*n**2 - 3*n + 5. List the prime factors of f(3).
2, 5
Let y(x) = 6*x. Let l be y(1). Let i be ((-4)/l)/(1/(-3)). List the prime factors of (-1 + -2)/(1 - i).
3
Let v(l) = 12 + 3*l - 3*l + l**2 - l. Let o be v(0). List the prime factors of 45/o - 2/(-8).
2
Suppose 3*o = -15, 0 = m - 5*o + 2*o - 41. What are the prime factors of m?
2, 13
Suppose 3*r + 3 = 51. Let h(z) = -6*z**2 + 2*z + 1. Let t be h(-1). Let k = t + r. List the prime factors of k.
3
Let k(y) = -2*y**3 + 3*y**2 - 4*y + 3. Let q(l) = -3*l**3 + 4*l**2 - 3*l + 4. Let m(u) = 4*k(u) - 3*q(u). List the prime factors of m(3).
2, 3
Suppose -42 = 5*z - 2*z. List the prime factors of (-2)/z - (-207)/21.
2, 5
Suppose -g - 3*h = h + 6, -4*g = 5*h + 2. Suppose d + g*s = 1, s - 5 = -d - d. Suppose 3*t = d*m + 2*m + 31, 4*t - m = 13. List the prime factors of t.
2
Suppose -79 = -2*b + 3. Let j = 66 - b. List the prime factors of j.
5
Let w = 48 - -65. List the prime factors of w.
113
Suppose -39 = -4*i + 1. What are the prime factors of 3*i*(-2)/(-4)?
3, 5
Suppose 2*v = 123 - 1. List the prime factors of v.
61
Let d(a) = 21*a**2 + 4*a - 1. Let u be d(3). Let w be (-12)/(-10)*u/6. Suppose 0 = -7*z + 3*z + w. What are the prime factors of z?
2, 5
What are the prime factors of (-96)/(-6) - 1*-1?
17
Let p be 7/3 - 3/9. Suppose 3*s - 7 = -2*g - 0, -3*g + 6 = 0. Suppose p*o - 31 = -s. What are the prime factors of o?
3, 5
Let z = 601 + -327. What are the prime factors of z?
2, 137
Let s = 184 - 89. What are the prime factors of s?
5, 19
Let c = -38 - -155. What are the prime factors of c?
3, 13
Let q(k) = 2*k - 9. Let z be q(6). Let r = z - -15. What are the prime factors of r?
2, 3
Suppose 3*t = -2*t. Let o(l) = -l**2 + 4. Let h be o(t). Suppose -58 = -h*s - 10. List the prime factors of s.
2, 3
Suppose r + 1 = 5. Suppose 7*b - r*b - 15 = 0. Suppose -5*g = -15, b*x = -2*g + 9 + 12. List the prime factors of x.
3
Let r(v) = -5*v - 1. Let q(p) = 10*p + 2. Let c(b) = 4*q(b) + 9*r(b). Let d be c(-2). Suppose -4*z = -z - d. What are the prime factors of z?
3
Let d be (-176)/10 + 10/(-25). Let o = 1 + -8. Let y = o - d. What are the prime factors of y?
11
List the prime factors of -2 + (-556)/(-10) + 9/(-15).
53
Let f = 32 - 8. What are the prime factors of f?
2, 3
Let b be ((-4)/6)/(4/(-12)). Let l be 0/1 - (-2 - -2). Suppose l = -j + 4 - b. What are the prime factors of j?
2
Let w be (-3)/12 + (-469)/(-4). List the prime factors of 1/(3*3/w).
13
Let w be (-1)/5 - (-255)/25. Let r = w + -7. What are the prime factors of r?
3
Let q(w) = -3*w + 5. Let l be q(4). Let x(f) = f**2 + 7*f. Let n be x(l). Suppose 5*i + n = 5, 3*o - 5*i = 16. What are the prime factors of o?
7
Let v = 47 - 17. List the prime factors of v.
2, 3, 5
Suppose -2*s - 3*s = 15. Let a = -3 - s. Suppose -3*f + 11 - 2 = a. What are the prime factors of f?
3
Suppose 5*i - 158 = -3. List the prime factors of i.
31
Suppose 5*s - 23 + 8 = 0. Suppose c = -c - 3*d, -s*d = 0. Suppose c = -4*v + 22 + 22. What are the prime factors of v?
11
Let s be (-8)/(-6)*9/6. Let f be s + (-1 - -1) + -2. Let j = 5 + f. What are the prime factors of j?
5
Let v = 3 + -1. Suppose 0*y + 1 = j - v*y, -y = 0. Let l = 3 - j. List the prime factors of l.
2
Let r(l) = 3*l - 1. Let h be r(4). Let o = -5 + h. What are the prime factors of o?
2, 3
Suppose 4*q + 20 = 3*u, -q - 5 = -2*u + u. Suppose -2*a + 5*a - 9 = u, 0 = -3*f - 5*a + 45. List the prime factors of f.
2, 5
Let o be 4/(-3)*-1*3. Suppose -3*t + 40 = -o*i, -6*t + 4*t + 3*i + 25 = 0. What are the prime factors of t?
2, 5
Let s(g) be the third derivative of -g**4/12 - 4*g**3/3 - 4*g**2. Suppose -q + 2*o - 10 = 0, -o - 23 = 4*q + 8. What are the prime factors of s(q)?
2
Let f(a) = -70*a**3 - 2*a - 1. What are the prime factors of f(-1)?
71
Let a(d) = -17*d + 5. List the prime factors of a(-9).
2, 79
List the prime factors of -1*((-1025)/5)/5.
41
Let o(y) = 3*y**2 - 13*y - 4. What are the prime factors of o(7)?
2, 13
Let t = 1 - -75. List the prime factors of t.
2, 19
Let n(r) be the first derivative of -1/2*r**2 + 5/3*r**3 - 4 + 1/4*r**4 + 3*r. What are th